n base 16, what is 3 + -4aa84?
-4aa81
In base 12, what is -236 + -645?
-87b
In base 6, what is -214 + 103451?
103233
In base 15, what is -37 + -1ac?
-1e4
In base 14, what is -68369 - 9?
-68374
In base 15, what is 3 - 10783a?
-107837
In base 10, what is -6307 + -113?
-6420
In base 14, what is -b4dc - -12?
-b4ca
In base 16, what is e4 - -3?
e7
In base 11, what is -6 - 4146?
-4151
In base 7, what is 2 - 4143265?
-4143263
In base 13, what is 5 + 3867a5?
3867aa
In base 9, what is -147 + 604?
446
In base 5, what is -42304 - 34?
-42343
In base 13, what is 1 + 1a853?
1a854
In base 14, what is 2 + 1a98d?
1a991
In base 8, what is 13 - -3226?
3241
In base 10, what is 69 - -6703?
6772
In base 16, what is 30d - -c?
319
In base 4, what is 11333 - 30013?
-12020
In base 13, what is -33 - 20?
-53
In base 8, what is -4 + -1523540?
-1523544
In base 11, what is -4540a + 1a?
-453a0
In base 12, what is 3 - -21771?
21774
In base 13, what is 1953b + 1?
1953c
In base 4, what is -2 - -13010221?
13010213
In base 7, what is -311 - -3250?
2636
In base 12, what is 403a9 - 3?
403a6
In base 7, what is -153 - 21513?
-21666
In base 5, what is 421 + 110?
1031
In base 5, what is 10 + -244104?
-244044
In base 3, what is 1012020112021 + -1?
1012020112020
In base 13, what is -2 + -2443?
-2445
In base 4, what is 13103 + 213?
13322
In base 11, what is 26 + -2038?
-2012
In base 13, what is -1 + 1065?
1064
In base 8, what is -6 + 3614?
3606
In base 11, what is 22 - 25344?
-25322
In base 12, what is -100 + 3b0?
2b0
In base 16, what is -16 - -2cc?
2b6
In base 11, what is -51 - 38?
-89
In base 14, what is ab97a + 7?
ab983
In base 12, what is 317b62 - 0?
317b62
In base 6, what is -111102 - -4?
-111054
In base 4, what is 10 - 1300233101?
-1300233031
In base 9, what is 6 - 20147?
-20141
In base 8, what is -3 + -3526066?
-3526071
In base 8, what is -322570 + 110?
-322460
In base 10, what is 0 + 402342?
402342
In base 2, what is -1001 + 101101111?
101100110
In base 3, what is -101001002 - 2102?
-101010111
In base 9, what is 12151 + -70?
12071
In base 14, what is 187 + 5565?
570c
In base 2, what is -10 - -1001000000011000110?
1001000000011000100
In base 4, what is -10 + 2132123?
2132113
In base 10, what is 63551 + 42?
63593
In base 14, what is -791 - -23?
-76c
In base 13, what is b + 23152?
23160
In base 10, what is 10624 + 429?
11053
In base 5, what is -10123 + -32?
-10210
In base 14, what is 50a - -112?
61c
In base 10, what is -8824 + 530?
-8294
In base 10, what is -4260 + -15?
-4275
In base 13, what is 102608 + -3?
102605
In base 9, what is -17541 + -17?
-17558
In base 9, what is -11204 - -6?
-11187
In base 8, what is -12660726 - -5?
-12660721
In base 9, what is -721 - -174?
-536
In base 8, what is -3141 + 1444?
-1475
In base 15, what is 46ac + 1?
46ad
In base 15, what is -2 - 6610?
-6612
In base 8, what is -2545206 + 2?
-2545204
In base 16, what is 4 + 15dd3?
15dd7
In base 7, what is -665 + -441?
-1436
In base 15, what is 3 + -3730?
-372c
In base 9, what is -18846 + -38?
-18885
In base 6, what is 25 - -332?
401
In base 11, what is 337 + -a70?
-734
In base 8, what is -140767 + 24?
-140743
In base 10, what is 1963 - -46?
2009
In base 6, what is 214453452 + -2?
214453450
In base 2, what is 101101000001 + 110?
101101000111
In base 8, what is 4 - 615?
-611
In base 10, what is -186 - 1226?
-1412
In base 11, what is -11626 + 1a?
-11607
In base 4, what is 2333313 - 102?
2333211
In base 7, what is 552 + 10106?
10661
In base 13, what is ac5 + -28?
a9a
In base 4, what is -31120 + 3231?
-21223
In base 6, what is -300 + 15?
-241
In base 10, what is -5 + 4367?
4362
In base 7, what is 112 + 24164?
24306
In base 8, what is 5 - -327262?
327267
In base 14, what is 5a6a - -1?
5a6b
In base 8, what is -21 + 5167?
5146
In base 16, what is -9c35 + -5?
-9c3a
In base 13, what is 13 - -ba8c1?
ba904
In base 15, what is 1 - -1577?
1578
In base 7, what is -1 - 25346?
-25350
In base 7, what is 12342 - -320?
12662
In base 5, what is -131 - 312041?
-312222
In base 15, what is -92d0a + -2?
-92d0c
In base 5, what is 12 - -1341000?
1341012
In base 11, what is -13 - 22662?
-22675
In base 11, what is 24 + 1393?
1407
In base 13, what is -17069b + -6?
-1706a4
In base 8, what is -2 + 624226?
624224
In base 7, what is 41 - -434?
505
In base 12, what is -1 + -3a32?
-3a33
In base 12, what is 1 - 12601?
-12600
In base 6, what is 24415 - -144?
25003
In base 4, what is -21 - 112311301?
-112311322
In base 2, what is -101 - 1111100010000?
-1111100010101
In base 2, what is 11001111011010000100 - 0?
11001111011010000100
In base 13, what is 2 - 61bb3?
-61bb1
In base 6, what is 1002042 - 0?
1002042
In base 12, what is 3346 - 5?
3341
In base 5, what is 2410122 + -2?
2410120
In base 6, what is -103310 - 44?
-103354
In base 6, what is -3033224 - 2?
-3033230
In base 14, what is -266 - 82?
-308
In base 7, what is 5 - 402165?
-402160
In base 9, what is 5401 + 0?
5401
In base 6, what is 101 - -34115?
34220
In base 16, what is 31 + 10d?
13e
In base 7, what is -1 - 1340152?
-1340153
In base 8, what is 70662 + -22?
70640
In base 8, what is 203 - -10636?
11041
In base 10, what is -90 + -4884?
-4974
In base 7, what is -12 - 360216?
-360231
In base 12, what is 659 + 19?
676
In base 6, what is -2202512 - -4?
-2202504
In base 4, what is 3 + -302201002?
-302200333
In base 2, what is 111 + -10010001001110111?
-10010001001110000
In base 2, what is -1101 - -110100010010010?
110100010000101
In base 14, what is -3 - 498c3?
-498c6
In base 8, what is 116550 + 7?
116557
In base 5, what is 3 - 1101030?
-1101022
In base 11, what is -4976 - 29?
-49a4
In base 3, what is -2011110011 - 11?
-2011110022
In base 7, what is 0 - 41200?
-41200
In base 16, what is 478 - -672?
aea
In base 9, what is 46763 + -30?
46733
In base 5, what is -22411333 + -10?
-22411343
In base 9, what is -4 - -1140802?
1140787
In base 5, what is -204221 + -143?
-204414
In base 16, what is 14 + 1255?
1269
In base 8, what is -4635 + -34?
-4671
In base 9, what is 32 - 274?
-242
In base 13, what is -3232 + -92?
-32c4
In base 9, what is -432 + 374?
-47
In base 4, what is 0 - -1033330300?
1033330300
In base 11, what is -11493 + -53?
-11536
In base 4, what is 30230013 + -2?
30230011
In base 8, what is -3641 + -5?
-3646
In base 2, what is 10010010011011010111 - -10?
10010010011011011001
In base 3, what is 10020000002 + -10?
10012222222
In base 2, what is -100001100011101 + -11?
-100001100100000
In base 7, what is 2 - -1436606?
1436611
In base 13, what is 2 + 18474?
18476
In base 8, what is 4506 + 334?
5042
In base 3, what is -2 - -11101222?
11101220
In base 15, what is 56 - 15ca?
-1574
In base 16, what is -273205 - 5?
-27320a
In base 8, what is 7262 - 23?
7237
In base 10, what is -737 + -639?
-1376
In base 15, what is -571 - -21?
-550
In base 7, what is 11663 - -52?
12045
In base 3, what is -1010000010102 - 1?
-1010000010110
In base 9, what is 6774 + -116?
6657
In base 6, what is 1310 + 10440?
12150
In base 5, what is 1331400 - -3?
1331403
In base 10, what is 416 - 189?
227
In base 9, what is 120270 - 3?
120266
In base 8, what is -2006 + -1473?
-3501
In base 10, what is -5537 + -3?
-5540
In base 16, what is 1 + -42b14?
-42b13
In base 3, what is -1212 - 121010122?
-121012111
In base 8, what is -55437 - 3?
-55442
In base 9, what is -75 - 727?
-813
In base 14, what is -80bc + 28?
-8094
In base 9, what is -3 - 557033?
-557036
In base 3, what is 0 - -111002201201?
111002201201
In base 15, what is -d158 - 3e?
-d197
In base 15, what is -b67 + 36?
-b31
In base 16, what is -3ac - 1b?
-3c7
In base 9, what is 42 - 408?
-356
In base 13, what is 1223 - -9?
122c
In base 3, what is 10100221 - 2?
10100212
In base 5, what is 30203 - -4014?
34222
In base 8, what is -374 + -1222?
-1616
In base 16, what is 6 - -bdb95?
bdb9b
In base 16, what is 5dd0a - 3?
5dd07
In base 4, what is -31330013 + 0?
-31330013
In base 13, what is 3 - b6848?
-b6845
In base 10, what is 598 + -3?
595
In base 5, what is 13024 - 122?
12402
In base 14, what is 10 - -6?
16
In base 16, what is -1b - -793?
778
In base 16, what is 2260 - 25?
223b
In base 4, what is -11201 + 320?
-10221
In base 8, what is -2 - 252070?
-252072
In base 9, what is 335 + -105?
230
In base 5, what is 1210131 + -34?
1210042
In base 11, what is 3 - 40111?
-40109
In base 14, what is